e -2*p + f = 6*p. What are the prime factors of p?
11
Suppose -g - 311 = -615. What are the prime factors of g?
2, 19
Let i be (-32)/(-3) - 44/(-33). Suppose -i*j - 150 = -18*j. List the prime factors of j.
5
Suppose 10*u - 15 = 7*u. Suppose -f = -r + 81, -5*r - u*f + 582 = 207. What are the prime factors of r?
2, 3, 13
Suppose 3*q = -3 - 9, 5*t - 3*q = 32. Suppose 0 = -2*g - 2*l + l + 370, 0 = -4*g - t*l + 732. List the prime factors of g.
11, 17
Let w be (2 + 0 + 3)*1. Let a = -4 + w. Suppose -a - 20 = -3*f. List the prime factors of f.
7
List the prime factors of (-323 + -8 - 6)*-5.
5, 337
Let q be 13*3*(-5 - -6). Suppose s = -q + 275. Suppose 128 + 157 = 5*p + 3*k, 4*k = -4*p + s. What are the prime factors of p?
2, 3
Let q be 3 + 210/(-5) + 1/(-1). List the prime factors of ((-519)/(-6) - -2)*q/(-12).
5, 59
Let j(d) = -d**2 - 11*d + 22. List the prime factors of j(-10).
2
Let m = 69 - 64. Suppose 3*b - 413 = -4*a, m*a + b = 312 + 196. List the prime factors of a.
101
Let m = 8832 - 3632. List the prime factors of m.
2, 5, 13
Let t = -259 - -455. List the prime factors of t.
2, 7
Suppose -9 + 3 = -3*z. List the prime factors of 1 - (-1)/z*-2 - -13.
13
Let a(o) = -16*o + 13. Let v be a(4). Let y = 140 + v. What are the prime factors of y?
89
Suppose -5*b = -5*l - 1510, 4*l + 1209 = 4*b + l. List the prime factors of b.
3, 101
Let m be 15 - (5 - 1)/(-4). Suppose -p = a - 7, a + 7*p = 3*p + m. Suppose -3*v - v = -j + 7, 4*v - 8 = -a*j. What are the prime factors of j?
3
Let k = 22 + -13. Let w(m) = -6*m**2 + 6*m**2 - 7*m**2 + m**3 - k*m**2 - 15*m - 1. List the prime factors of w(17).
3, 11
Let t(i) = 190*i + 143. List the prime factors of t(6).
1283
Let s be (15 - 20)*(9 + (1 - 2)). Let j = s + 66. List the prime factors of j.
2, 13
Let m(q) = 4 + 41*q + 139*q**2 - 71*q**2 - 70*q**2. What are the prime factors of m(17)?
3, 41
Let r(m) = -6*m**2 - 107*m + 30. What are the prime factors of r(-16)?
2, 103
Suppose 1048 + 176 = 9*f. Let v = 436 - f. List the prime factors of v.
2, 3, 5
Suppose 0*c = 2*c - 2*a - 1806, -4*c = 4*a - 3604. List the prime factors of c.
2, 11, 41
Suppose -3*o = -5*u - 28, 3*u - o + 2*o + 14 = 0. Let g(f) = f + 1. Let l(h) = 7*h**2 + 3*h + 6. Let q(k) = u*g(k) + l(k). What are the prime factors of q(1)?
2, 3
Suppose 17*x - 4617 = 14*x. What are the prime factors of x?
3, 19
Let y(s) = -9*s + 440. List the prime factors of y(-49).
881
Let w = -11 - -15. Suppose 0 = -w*d + d + 303. What are the prime factors of d?
101
Let h(r) = -43*r**3 + 87*r**3 + 67 - 43*r**3 + r**2 + r. What are the prime factors of h(0)?
67
Let z(g) = 357*g**2 - 21*g - 48. List the prime factors of z(-2).
2, 3, 79
Let f(d) = -d**3 + 5*d**2 + d - 6. Let u be f(5). Let b be (0 - u)*(-4)/2. What are the prime factors of (-37)/((-4)/(-8)*b)?
37
Suppose k + 1 = -2*c, 3*c - c - 5*k - 29 = 0. Suppose c*v + 4*g = 20, 2*g + 3*g = -v - 5. What are the prime factors of v?
2, 5
Let w = 1041 - -969. What are the prime factors of w?
2, 3, 5, 67
Suppose 0 = -4*u + 3*s - 28, 2*u - s = 7*u + 35. What are the prime factors of (-3)/u + 4115/35?
2, 59
Let k = 7603 + -4481. What are the prime factors of k?
2, 7, 223
List the prime factors of (-613)/(-1 + -1 + 0 + 1).
613
Let r = 202 - 113. Suppose -2*t + 83 = n, -n - 4*t - r = -2*n. List the prime factors of n.
5, 17
Suppose 0 = 36*q - 50*q + 9436. What are the prime factors of q?
2, 337
Suppose 14*y + 552 = 20*y. List the prime factors of y.
2, 23
Let y be (-6)/2*(-5)/(-5). Let l be -8 - (y + -5)/4. What are the prime factors of (l/(-12))/((-1)/(-80))?
2, 5
Let j(x) = x**2 - x + 38. Let p be j(15). List the prime factors of p*(0 - 2/(-4)).
2, 31
Suppose 2*v = -2*v + 5*r + 22, -r + 10 = 4*v. What are the prime factors of v/(-4 + 627/156)?
2, 3, 13
Suppose 0 = 5*j - 5*h - 4 + 14, -3*j + 4*h = 9. Let a be (1 - j)/(39/13). Suppose a = p - 3 - 2. What are the prime factors of p?
5
Suppose 0*y - 2*y = 2. Let v be 2*5*y/(-2). Suppose -z = -4*c - 11, 4*c - 155 = -v*z - c. List the prime factors of z.
3
Let y = 14 + -20. Let t = 40 + -17. Let f = t - y. What are the prime factors of f?
29
Let w(g) = -g**3 + 19*g**2 + 6*g - 43. Let c(l) = -15*l - 41. Let d be c(-4). What are the prime factors of w(d)?
71
Let r be (3 - 8) + 4 + 16. Let c be 14/3 + (-10)/r. List the prime factors of 10/(c/(-72)*-4).
3, 5
Suppose -6*x = -242 + 626. Let z = 98 + x. List the prime factors of z.
2, 17
Suppose -4*q + 343 = 3*b, -q - 73 = -2*q - 5*b. Let k(g) = 62*g + 9. Let s be k(-1). Let z = s + q. What are the prime factors of z?
5, 7
Suppose 84 + 3 = i. Let s = -50 + i. List the prime factors of s.
37
What are the prime factors of 62836/184 + (-9)/2?
337
Suppose -5*z = -9*z + 16. Suppose 196 = z*b - 88. What are the prime factors of b?
71
List the prime factors of (2/3)/(4/864).
2, 3
Let w(k) = k**2 + 16*k + 4. Let h be w(0). Let y be (-6)/((-2)/4 + -1). Suppose 0 + h = -y*r, 127 = 2*g + 5*r. List the prime factors of g.
2, 3, 11
Let h(v) = 5*v**2 + 5*v + 3. Let a be h(-4). Let j = -4 - -4. Suppose 4*x + 15 - a = j. What are the prime factors of x?
2, 3
Suppose 5*c + 193 + 7 = 0. List the prime factors of ((-192)/120)/(2/c).
2
Let l = -19 - -31. Suppose 7*y = 3*y + l. What are the prime factors of 32/12 - 2/y?
2
Let o(y) = 5*y**2 + 24*y - 3. Let j be o(-5). Suppose 68 = n + 4*g, -6*n - 4*g = -3*n - 196. Suppose -j*k - n = -158. List the prime factors of k.
47
Let s = 1563 + -893. List the prime factors of s.
2, 5, 67
Let f be ((-12)/10)/((-6)/15). Suppose -3*w = -j + 93, 3*w = -5*j + f*j + 195. What are the prime factors of (j/(-9) + 2)*-3?
2, 13
Let v(k) = 70*k**2 + 3*k. List the prime factors of v(-3).
3, 23
Suppose -14*d = -11*d - 2667. List the prime factors of d.
7, 127
What are the prime factors of -9 + 13 - -2*293?
2, 5, 59
Suppose 2*a - 7 = 1. Suppose 0 = v + a*m - 90, v = -0*v + 3*m + 111. What are the prime factors of v?
2, 3, 17
Suppose -5*v + 7 = -13. Suppose -3*a + v*b - 3*b = -28, -20 = -3*a - b. What are the prime factors of (64/a)/(1/2)?
2
Let g be 1 - 1*(102 + (-2 - 0)). Let v(w) = -w - 6. Let u be v(0). List the prime factors of (3 - 1)*g/u.
3, 11
Let d = 1941 - -694. What are the prime factors of d?
5, 17, 31
Let w(s) = -24*s + 74. What are the prime factors of w(-3)?
2, 73
What are the prime factors of (0 - 57/(-4))/(16/192)?
3, 19
Let z(a) = 2*a**2 - 13*a - 30. List the prime factors of z(-15).
3, 5, 41
Let x = 30 - 28. Suppose s - 6*s + 94 = -2*p, -5*p + 55 = x*s. Suppose -s = 4*z - 36. List the prime factors of z.
2
Suppose s - 5 = -0*s - 2*a, 4*s - a - 11 = 0. List the prime factors of 35 - ((-9)/s)/(-1).
2
Let l(r) be the third derivative of r**6/12 + r**5/30 + r**4/24 + 5*r**2. Let o be l(-1). Let b = o + 19. List the prime factors of b.
2, 5
Let b be (2604/(-126))/(1 + 4/(-3)). Suppose 3*o - 92 = -5*m + b, 4*m + 4 = 0. What are the prime factors of o?
53
Suppose 0 = -2*w + 3*g - 45, 5*w + 2 + 94 = 2*g. Let t = w + 20. What are the prime factors of t?
2
Let n(a) = -a**2 - 7*a + 7. Let x be n(-7). Let q(p) be the first derivative of p**4/4 - 7*p**3/3 + 9*p - 53. What are the prime factors of q(x)?
3
Let s(a) = a**3 + 8*a**2 - 3*a + 5. Let v be s(-10). Let q be 8/12*v/(-2). What are the prime factors of ((-42)/(-5))/(22/q)?
3, 7
Suppose 4*w - 354 - 2 = 0. Let j be w + (-4)/(-2) + -6. Let k = 120 - j. What are the prime factors of k?
5, 7
What are the prime factors of 167103/(-135)*10/(-6)?
2063
Suppose -2*g + 21 = g. Let c = g - 4. Let h(w) = 8*w + 4. List the prime factors of h(c).
2, 7
Let r be ((-4)/(-22) - (-5)/33)*21. Suppose -167 = -r*g + 449. What are the prime factors of g?
2, 11
Let b = -14 + 21. Suppose b*y - 27 = 4*y. What are the prime factors of y?
3
Let u(j) = -141*j - 255. List the prime factors of u(-10).
3, 5, 7, 11
Let t(v) = -v**3 + 3*v**2 + 3*v - 5. Let p be t(3). Suppose 105 - 417 = -p*r. What are the prime factors of r?
2, 3, 13
Suppose -5*w = -3*w - 338. Let b = w + -29. What are the prime factors of b?
2, 5, 7
List the prime factors of -1 + 8 - (5 - (7 - -1293)).
2, 3, 7, 31
Suppose 0 = 4*q + 5*n - 1981 - 2094, -5*n + 3050 = 3*q. What are the prime factors of q?
5, 41
Let d = -52 - -57. Suppose 0 = -d*f + 2*f + 327. What are the prime factors of f?
109
What are the prime factors of (-42)/(-7) - (-3